e remainder when w is divided by z(4).
5
Let d = -6 - 0. Let x = 5 - d. Let k(w) = 2*w**2 + w - 4. What is the remainder when k(4) is divided by x?
10
Let o be (6/9 - 1) + 10/(-6). Let g(n) = 7*n**2 + 2*n - 4. What is the remainder when 39 is divided by g(o)?
19
Let q(u) = -10*u - 4. Let d be (48/(-20))/(1/(-5)). Suppose 6*g - 2*g = -d. What is the remainder when 51 is divided by q(g)?
25
What is the remainder when 219 is divided by (765/(-60))/((-15)/20)?
15
What is the remainder when (-233)/(-1) + (-3 - -4)*5 is divided by 61?
55
Let y(u) be the second derivative of u**5/20 - u**4/2 - u**3/2 - 5*u**2/2 - u. Let c be y(5). Calculate the remainder when 62 is divided by (-2)/(-9) - 710/c.
14
Suppose -44 = -4*i + 8. Calculate the remainder when -23*(6 + 28/(-4)) is divided by i.
10
Let h(d) = d**2 + 3*d - 4. Let j be h(-5). Let y = 13 - j. Calculate the remainder when 21/(-9)*-3 + 4 is divided by y.
4
Let y(c) = 2*c**3 + 15*c**2 - 2*c - 50. What is the remainder when 42 is divided by y(-7)?
3
Suppose -191 = -i - 31. Let o be 2 - -3 - 3 - -1. Suppose -5*w = -o*w - i. Calculate the remainder when w is divided by 27.
26
Let t(s) = s**3 + 18*s**2 - 25. Suppose -3*f - 53 - 1 = 0. Let g be t(f). Let b = g - -34. What is the remainder when 35 is divided by b?
8
Let f(x) = -x**2 - 10*x + 3. Let c be f(-10). Let y(t) = 12*t + 15. What is the remainder when y(c) is divided by 13?
12
Let n = -184 + 248. Calculate the remainder when 179 is divided by n.
51
Let z = -11 + 21. Suppose z*i - 415 = 5*i. What is the remainder when i is divided by 17?
15
Let k be (-89)/3 - 14/(-21). Let x = 56 + k. Calculate the remainder when 78 is divided by x.
24
Let j be (-30)/(-12)*(1 + (-6)/(-10)). Suppose -j*h + 7*h = 561. What is the remainder when h is divided by 47?
46
Let i(v) = 2*v + 1. Let w be 18/4*(-16 - -18). Suppose -w*y + 7*y + 14 = 0. Calculate the remainder when i(6) is divided by y.
6
Let y = 32 - 19. Suppose -b - y = -i, i + 2*b - 4 = -0*b. Suppose 0*j + i = j. Calculate the remainder when 18 is divided by j.
8
Let l = -113 + 352. What is the remainder when l is divided by 15?
14
Suppose -t = -5 + 8. Let o(v) = -v**3 - 4*v**2 - v + 2. Let b be o(t). Let a = b - -17. What is the remainder when 37 is divided by a?
11
Let r = -1190 + 1197. Let u(l) = l**2 + l. Calculate the remainder when u(-5) is divided by r.
6
Let b = -57 - -74. Let f(c) = -4*c - 4. Let q be f(4). What is the remainder when (q + -1)*(-14)/6 is divided by b?
15
Let y(f) = 6*f + 48. Let b be y(24). Suppose -h - 3*i - 2*i = -b, -i = 0. What is the remainder when h is divided by 39?
36
Let m(a) = -42 + 24 - 1 + 5*a. Calculate the remainder when m(14) is divided by 3.
0
Suppose -81 = -24*l + 21*l. Calculate the remainder when 154 is divided by l.
19
Let j(d) = d**2 - 5*d + 9. Let w be j(8). Let x = w + -18. Calculate the remainder when 25 is divided by x.
10
Suppose 0*o = -4*c - 3*o - 27, -o = -3*c - 17. Let j be (-1)/3 - (-40)/c. Let b = j + 71. What is the remainder when b is divided by 22?
20
Let y(m) = -7*m**3 - 2*m**2 - 2*m. Let s(j) = -j**2 - 6*j - 3. Calculate the remainder when y(-1) is divided by s(-4).
2
Let a = -12 + 14. Let b = 3 + a. Suppose 2*i = n + 117, -2*i + i = b*n - 42. What is the remainder when i is divided by 20?
17
What is the remainder when 17 is divided by 12/9*6 - 4?
1
Let f = -246 - -272. Calculate the remainder when 700 is divided by f.
24
Let t = 83 + -67. Let o(q) = q**2 - 2*q - 5. What is the remainder when t is divided by o(4)?
1
Let n(u) = -13*u - 168. What is the remainder when n(-34) is divided by 56?
50
Suppose 41*l + 100 = 45*l. What is the remainder when l is divided by 14?
11
Let k = -372 - -487. Calculate the remainder when k is divided by 13.
11
Let h = 177 + -72. Suppose -5*s + 2*d + h = -0*s, 135 = 5*s + 4*d. Suppose -28*c = -25*c, -204 = -3*o - c. What is the remainder when o is divided by s?
22
Let a(o) = -o - 1. Let p(s) = -7*s**2 - 2*s - 1. Let t be p(-1). Let b = -128 - -140. Calculate the remainder when b is divided by a(t).
2
Suppose -18*d + q = -17*d - 64, -5*q + 25 = 0. What is the remainder when 266 is divided by d?
59
Suppose -5*i - i + 48 = 0. Calculate the remainder when (5/5)/((-3)/(-87)) is divided by i.
5
Suppose 0 = 3*w - 4*z - 24 + 3, 4*z - 1 = w. What is the remainder when 744/(-30)*5/(-2) is divided by w?
7
Let a = 85 - 50. What is the remainder when -6 - -15 - 4 - -60 is divided by a?
30
Let u(c) = -c**2 - 15*c + 236. Calculate the remainder when u(-20) is divided by 32.
8
Suppose -14 + 61 = 5*h + d, -d = -2. Let f(n) = -n**2 + 15*n - 14. Let g be f(13). Suppose 24 = g*s - 11*s. What is the remainder when s is divided by h?
6
Let a(o) = -o + 1. What is the remainder when a(-6) is divided by (-2)/(-10) + ((-518)/(-35) - 8 - 0)?
0
Suppose 0 = 5*k - 69 - 46. Suppose -163 = -2*a + k. Calculate the remainder when a is divided by 19.
17
Suppose -19*r - 6*r = -300. Calculate the remainder when 67 is divided by r.
7
Suppose -7*v - 57 + 2388 = 0. Calculate the remainder when v is divided by 112.
109
What is the remainder when 96/1*(-41)/(1476/(-120)) is divided by 15?
5
Let h be (4/(-2) - 1)*30/(-45). Suppose 4*c - 33 = -i, 0 = -h*i + c + 58 + 17. Calculate the remainder when i is divided by 10.
7
Suppose 1232 = -1001*n + 1029*n. What is the remainder when 133 is divided by n?
1
Suppose 2*m - 15*m + 126 = 5*i, -58 = -3*i + m. Let d = -21 - -59. What is the remainder when d is divided by i?
18
Suppose 4*a - 5*m + 1163 = 6*a, -m = 5*a - 2919. What is the remainder when a is divided by 49?
45
Suppose -8*f - 5*g = -3*f - 130, -48 = -3*f + 3*g. Let q(p) = p - 3. Let h be q(5). What is the remainder when f is divided by (-1)/h*-12*1?
3
Suppose -3*v - 3*f + 48 = 0, 4*f = 3*v + 6 - 33. Calculate the remainder when 61 is divided by v.
9
Let b be (44/55 - (0 + -1))*15. Suppose m - 8 = 5*w - 66, 0 = -3*w - 2*m + b. What is the remainder when w is divided by 6?
5
Suppose 0 = -9*u - 7*u + 256. Let x(h) = h + h**2 + h - 1 - 5. What is the remainder when x(5) is divided by u?
13
Suppose -i + l - 6*l + 8 = 0, -3*l = i - 18. Calculate the remainder when 71 is divided by i.
5
Let h = -2 + 1. Let s = h + 19. What is the remainder when s is divided by 7?
4
Suppose u + 2*x = -3*x + 4, 2*u - 22 = -3*x. What is the remainder when 74*(7/2 + -3) is divided by u?
9
Let h = 21 - 5. Let c = 1915 - 1871. Calculate the remainder when c is divided by h.
12
Suppose 43 = -2*d + 35. Let n(t) = -20*t - 34. What is the remainder when 228 is divided by n(d)?
44
Suppose 4*m + i + 7 = 44, 0 = -m - 5*i + 33. Let z = 325 - 145. Suppose 9*h = 5*h + z. Calculate the remainder when h is divided by m.
5
Let j(q) be the second derivative of -7*q**3/6 - 13*q**2/2 + q. What is the remainder when 41 is divided by j(-4)?
11
Suppose 197*z + 5797 = 228*z. What is the remainder when z is divided by 19?
16
Suppose -5 + 3 = 2*o. Let z = 7 - o. What is the remainder when z is divided by (-36)/24 - (-39)/6?
3
Let g = -29 - -32. Suppose 0 = 3*x + g*x - 30. What is the remainder when 7 is divided by x?
2
Let s(r) = -2*r + 12. Calculate the remainder when s(-9) is divided by 19.
11
Calculate the remainder when 1549 is divided by 43785/450 + ((-9)/10)/3.
94
Let z(y) = -y**2 + 11*y + 25. Let m be z(13). Calculate the remainder when 27 is divided by ((-9)/(-18))/(m/(-14)).
6
Let d(c) = -18*c - 49. Calculate the remainder when 235 is divided by d(-4).
5
Let p = 2358 + -2248. What is the remainder when p is divided by 29?
23
Let d = 56 - 3. Suppose -12*y + 112 = -116. Calculate the remainder when d is divided by y.
15
Let u = 107 + 15. Let v = u + -80. Calculate the remainder when 207 is divided by v.
39
Suppose 0 = -j - 294 + 310. Suppose -2*d - j = -4*i, i + 3*d = -3*i + 16. Calculate the remainder when 10 is divided by i.
2
Suppose 17 = 2*k - 3*s - 76, 0 = k - 3*s - 45. Let l = 2662 - 2637. Calculate the remainder when k is divided by l.
23
Suppose 2*u = -3*j + 40, -3*u - 64 + 4 = -3*j. Suppose -x - 36 = -18. What is the remainder when x/63 - 1110/(-14) is divided by j?
15
Let o = -1279 + 1326. Calculate the remainder when 368 is divided by o.
39
Suppose 70 = 21*j - 11*j. Suppose -9 = 2*h + h. Let y(r) = r**3 + 4*r**2 - 4. Calculate the remainder when j is divided by y(h).
2
Let c(x) = 6*x**2 - 88*